a composite number?
True
Is 4253 a prime number?
True
Is 2212013 composite?
True
Is 283909 composite?
False
Is 30893 a composite number?
False
Is 130327 composite?
True
Is 217559 composite?
False
Is 107441 a composite number?
False
Is 456553 a composite number?
False
Is 1580737 prime?
True
Is 4561 a prime number?
True
Is 397351 a prime number?
True
Is 199922 composite?
True
Is 37419 a composite number?
True
Is 14591 composite?
False
Is 6121 a composite number?
False
Is 46955 a prime number?
False
Is 735695 composite?
True
Is 93877 a composite number?
True
Is 178018 a prime number?
False
Is 1499 composite?
False
Is 2045 a composite number?
True
Is 10369 composite?
False
Is 346198 prime?
False
Is 10549273 a prime number?
False
Is 2767 composite?
False
Is 27539 a prime number?
True
Is 3761 a composite number?
False
Is 34157 composite?
False
Is 11057 a composite number?
False
Is 96518 a prime number?
False
Is 1354 prime?
False
Is 95231 a composite number?
False
Is 1709 composite?
False
Is 191 composite?
False
Is 334447 a composite number?
False
Is 27899 prime?
False
Is 1408493 prime?
True
Is 505907 a composite number?
False
Is 8191 composite?
False
Is 7934 prime?
False
Is 114689 composite?
False
Is 15127 a prime number?
False
Is 6914 a composite number?
True
Is 35693 a prime number?
False
Is 2531 prime?
True
Is 20737 a prime number?
False
Is 391273 prime?
True
Is 113437 composite?
False
Is 612629 a prime number?
False
Is 216023 prime?
True
Is 2491 prime?
False
Is 471011 prime?
False
Is 3207 a prime number?
False
Is 538766 composite?
True
Is 135809 composite?
True
Is 561817 a prime number?
False
Is 69911 a composite number?
False
Is 659881 prime?
True
Is 23663 prime?
True
Is 99013 prime?
True
Is 105331 a prime number?
True
Is 6287 prime?
True
Is 7283 composite?
False
Is 2561 a composite number?
True
Is 208651 a composite number?
True
Is 899611 prime?
True
Is 481183 composite?
True
Is 5557 composite?
False
Is 258563 composite?
False
Is 191 composite?
False
Is 117959 a prime number?
True
Is 520621 a composite number?
False
Is 5837 a prime number?
False
Is 7277 a composite number?
True
Is 15871 prime?
False
Is 6247 a composite number?
False
Is 129037 a prime number?
True
Is 436731 a prime number?
False
Is 23245 prime?
False
Is 265781 a composite number?
False
Is 4834 a composite number?
True
Is 443 a composite number?
False
Is 386491 a prime number?
False
Is 309113 a composite number?
True
Is 4507 composite?
False
Is 113065 a prime number?
False
Is 79481 composite?
False
Is 18923 a composite number?
True
Is 15787 a composite number?
False
Is 13517 composite?
True
Is 9677 a composite number?
False
Is 11887 composite?
False
Is 4511 composite?
True
Is 204307 composite?
True
Is 225061 composite?
False
Is 477827 a prime number?
False
Is 131249 a composite number?
False
Is 350213 a prime number?
True
Is 7891 composite?
True
Is 539557 a prime number?
False
Is 3967 a composite number?
False
Is 988282 prime?
False
Is 78643 a prime number?
True
Is 61741 composite?
True
Is 8641 a composite number?
False
Is 397622 composite?
True
Is 4915 a prime number?
False
Is 10943 a composite number?
True
Is 6593 prime?
False
Is 1777 a composite number?
False
Is 399271 prime?
True
Is 28463 a prime number?
True
Is 347129 a composite number?
False
Is 21977 composite?
False
Is 34037 a prime number?
False
Is 546587 a composite number?
False
Is 12571 a prime number?
False
Is 4435 composite?
True
Is 29717 composite?
False
Is 24733 composite?
False
Is 2557 a composite number?
False
Is 14786 composite?
True
Is 2563 a prime number?
False
Is 3827 a composite number?
True
Is 1297 prime?
True
Is 39929 a composite number?
False
Is 32639 a prime number?
False
Is 385834 composite?
True
Is 3365 prime?
False
Is 120641 prime?
True
Is 374861 composite?
True
Is 22877 a composite number?
False
Is 305209 composite?
False
Is 723947 a composite number?
True
Is 56237 a composite number?
False
Is 1626913 composite?
True
Is 231169 a prime number?
True
Is 90217 a prime number?
True
Is 2200831 a prime number?
True
Is 415603 a prime number?
True
Is 302189 prime?
True
Is 5587 composite?
True
Is 3841 a composite number?
True
Is 35338 prime?
False
Is 892321 composite?
False
Is 223403 a composite number?
False
Is 73939 a composite number?
False
Is 23657 a prime number?
False
Is 45377 prime?
True
Is 1264009 a composite number?
False
Is 82781 composite?
False
Is 2028047 a composite number?
True
Is 88733 prime?
False
Is 165218 a prime number?
False
Is 1087 composite?
False
Is 1843 prime?
False
Is 164569 a prime number?
True
Is 400109 prime?
True
Is 356585 prime?
False
Is 20077 prime?
False
Is 581 a prime number?
False
Is 6271 a composite number?
False
Is 4006 prime?
False
Is 2562247 a composite number?
True
Is 143511 a prime number?
False
Is 5647 prime?
True
Is 11311 a composite number?
False
Is 64837 a prime number?
False
Is 8137 a prime number?
False
Is 4969 a composite number?
False
Is 304597 a composite number?
False
Is 7363 prime?
False
Is 49673 a composite number?
True
Is 4420417 a prime number?
True
Is 1363 prime?
False
Is 62939 composite?
False
Is 82699 a composite number?
False
Is 30614 composite?
True
Is 2453 a composite number?
True
Is 9839 prime?
True
Is 7817 composite?
False
Is 296521 prime?
False
Is 203413 a prime number?
False
Is 1409957 a composite number?
False
Is 25001 a composite number?
True
Is 5911 prime?
False
Is 112327 prime?
True
Is 14699 a composite number?
False
Is 230363 prime?
False
Is 34451 prime?
False
Is 91621 a composite number?
False
Is 108863 composite?
False
Is 95881 a composite number?
False
Is 577849 a prime number?
True
Is 137695 a composite number?
True
Is 2953 prime?
True
Is 15511 prime?
True
Is 20873 composite?
False
Is 11197 composite?
False
Is 2365169 a prime number?
True
Is 26339 prime?
True
Is 91493 a composite number?
False
Is 516469 a composite number?
False
Is 306305 a composite number?
True
Is 125857 a prime number?
False
Is 3797 prime?
True
Is 8501 a prime number?
True
Is 12953 a prime number?
True
Is 2173 composite?
True
Is 2603 a composite number?
True
Is 504653 a prime number?
False
Is 2495 a composite number?
True
Is 1811 prime?
True
Is 265703 composite?
False
Is 1655 composite?
True
Is 457559 a prime number?
True
Is 15815 prime?
False
Is 373949 a composite number?
True
Is 206977 a prime number?
False
Is 11757 a composite number?
True
Is 158003 prime?
True
Is 123383 a composite number?
True
Is 317449 prime?
False
Is 46571 prime?
False
Is 132467 prime?
False
Is 4533 composite?
True
Is 271637 a composite number?
False
Is 543293 a composite number?
True
Is 160203 a prime number?
False
Is 8287 composite?
False
Is 29473 composite?
False
Is 15929 prime?
False
Is 150193 composite?
False
Is 335857 a prime number?
True
Is 34699 a composite number?
True
Is 123857 composite?
True
Is 169561 composite?
True
Is 42191 a prime number?
False
Is 101957 composite?
False
Is 99559 prime?
True
Is 60583 composite?
True
Is 6449 a prime number?
True
Is 560305 composite?
True
Is 467867 a composite number?
False
Is 4177 prime?
True
Is 218087 a composite number?
False
Is 5578 a prime number?
False
Is 4341 composite?
True
Is 6385 composite?
True
Is 73687 composite?
True
Is 91997 a prime number?
True
Is 44483 a composite number?
False
Is 611 composite?
True
Is 355765 prime?
False
Is 14209 composite?
True
Is 149749 a prime number?
True
Is 30911 prime?
True
Is 3371 prime?
True
Is 186259 a composite number?
False
Is 16663 composite?
True
Is 33703 composite?
False
Is 10963 a composite number?
True
Is 15305 a composite number?
True
Is 225809 prime?
True
Is 851251 a composite number?
False
Is 13961 a prime number?
False
Is 3907 a prime number?
True
Is 114379 a prime number?
False
Is 378869 composite?
False
Is 19913 a prime number?
True
Is 108679 a prime number?
False
Is 13841 a composite number?
False
Is 30055 a prime number?
False
Is 14939 a composite number?
False
Is 587 prime?
True
Is 1521661 a prime number?
False
Is 342179 prime?
True
Is 13138 a prime number?
False
Is 900283 a prime number?
True
Is 3732609 a composite number?
True
Is 15991 prime?
True
Is 53477 prime?
False
Is 43573 a composite number?
False
Is 71701 a prime number?
False
Is 49157 composite?
False
Is 229127 a composite 